{"id":2378,"date":"2017-11-13T10:12:05","date_gmt":"2017-11-13T09:12:05","guid":{"rendered":"http:\/\/www.blau-gold-roecke.de\/page\/nord-star-cup-aller-cup-11-11-2017\/"},"modified":"2017-11-13T10:15:42","modified_gmt":"2017-11-13T09:15:42","slug":"nord-star-cup-aller-cup-11-11-2017","status":"publish","type":"page","link":"http:\/\/www.blau-gold-roecke.de\/page\/nord-star-cup-aller-cup-11-11-2017\/","title":{"rendered":"Nord-Star-Cup \/ Aller-Cup 11.11.2017"},"content":{"rendered":"<p><strong>Lollipops erfolgreich in Winsen Aller<\/strong><\/p>\n<p style=\"text-align: justify;\">Am 11.11.2017 fand in Winsen Aller der Aller-Cup im Bereich der North-Star-Cup Serie statt. Dabei gingen auch Paare des TSC Blau-Gold R\u00f6cke und die Formation Lollipop Ladies an den Start. Nach einem spannenden Wettkampf gab es f\u00fcr die Lollipops am Samstag Nachmittag gleich mehrere Gr\u00fcnde zu jubeln. In der Klasse Sch\u00fcler 1 ertanzten sich Jette Blank und Linda Fricke bei ihrem ersten Turnier den 13. Platz. Auch Sophie Hattendorf und Karolina Hehmann tanzten das erste Mal bei einem Wettkampf und wurden nach einer fehlerfreien Endrunde mit dem 1. Platz belohnt. In der Klasse Junioren 1 ertanzten sich Lina Artinger und Lara Artinger den 2. Platz. Katharina Schubert und Janja Rautenberg verpassten knapp das Treppchen und ertanzten sich in der Klasse Sch\u00fcler 2 einen guten 4. Platz. Ein Highlight war dieses Jahr die Erwachsenen Klasse, da dort gemischte Paare mit Akrobatiken an den Start gingen. In dieser Klasse ertanzten sich Marcine Cyrys und Leon Sch\u00f6ller den 2. Platz. Am Ende rundete der Formationswettbewerb das Turnier ab, bei dem die Formation Lollipop Ladies den 2. Platz belegte. Damit ging ein aufregendes und gut organisiertes Turnier zu Ende. Falls Ihr auch Lust auf tanzen habt, kommt Freitags von 18:00-19:15 Uhr in der Halle der Marienschule, am Oberstenhof in B\u00fcckeburg, f\u00fcr ein Probetraining vorbei.<br \/>\nWeitere Infos findet ihr unter <a href=\"http:\/\/www.blau-gold-roecke.de\">www.blau-gold-roecke.de<\/a> oder bei<br \/>\nAnn-Kathrin Cyrys unter a-k.cyrys@web.de.<\/p>\nngg_shortcode_0_placeholder\n","protected":false},"excerpt":{"rendered":"<p>Lollipops erfolgreich in Winsen Aller Am 11.11.2017 fand in Winsen Aller der Aller-Cup im Bereich der North-Star-Cup Serie statt. Dabei gingen auch Paare des TSC Blau-Gold R\u00f6cke und die Formation Lollipop Ladies an den Start. Nach einem spannenden Wettkampf gab es f\u00fcr die Lollipops am Samstag Nachmittag gleich mehrere Gr\u00fcnde zu jubeln. In der Klasse [&hellip;]<\/p>\n","protected":false},"author":1,"featured_media":0,"parent":0,"menu_order":0,"comment_status":"closed","ping_status":"closed","template":"","meta":{"ngg_post_thumbnail":0,"footnotes":""},"class_list":["post-2378","page","type-page","status-publish","hentry"],"_links":{"self":[{"href":"http:\/\/www.blau-gold-roecke.de\/page\/wp-json\/wp\/v2\/pages\/2378","targetHints":{"allow":["GET"]}}],"collection":[{"href":"http:\/\/www.blau-gold-roecke.de\/page\/wp-json\/wp\/v2\/pages"}],"about":[{"href":"http:\/\/www.blau-gold-roecke.de\/page\/wp-json\/wp\/v2\/types\/page"}],"author":[{"embeddable":true,"href":"http:\/\/www.blau-gold-roecke.de\/page\/wp-json\/wp\/v2\/users\/1"}],"replies":[{"embeddable":true,"href":"http:\/\/www.blau-gold-roecke.de\/page\/wp-json\/wp\/v2\/comments?post=2378"}],"version-history":[{"count":3,"href":"http:\/\/www.blau-gold-roecke.de\/page\/wp-json\/wp\/v2\/pages\/2378\/revisions"}],"predecessor-version":[{"id":2381,"href":"http:\/\/www.blau-gold-roecke.de\/page\/wp-json\/wp\/v2\/pages\/2378\/revisions\/2381"}],"wp:attachment":[{"href":"http:\/\/www.blau-gold-roecke.de\/page\/wp-json\/wp\/v2\/media?parent=2378"}],"curies":[{"name":"wp","href":"https:\/\/api.w.org\/{rel}","templated":true}]}}