{"id":27,"date":"2016-11-26T15:03:34","date_gmt":"2016-11-26T14:03:34","guid":{"rendered":"http:\/\/www.blau-gold-roecke.de\/page\/?page_id=27"},"modified":"2025-11-18T10:57:03","modified_gmt":"2025-11-18T09:57:03","slug":"presse","status":"publish","type":"page","link":"http:\/\/www.blau-gold-roecke.de\/page\/presse\/","title":{"rendered":"Presse"},"content":{"rendered":"<h4>&nbsp;<\/h4>\n<h4><a title=\"20250430 - Aufstellung des Maibaums in B\u00fcckeburg\" href=\"http:\/\/www.blau-gold-roecke.de\/page\/wp-content\/uploads\/2025\/11\/2025_November_Presseartikel_SchaumburgerWochenblatt_Lollipops.jpg\" target=\"_blank\" rel=\"noopener\">20251112 &#8211; Artikel Schaumburger Wochenblatt<\/a><\/h4>\n<h4><a title=\"20250430 - Aufstellung des Maibaums in B\u00fcckeburg\" href=\"http:\/\/www.blau-gold-roecke.de\/page\/wp-content\/uploads\/2025\/05\/20250430_Maibaum_Aufstellen_Bueckeburg_Auftritt-Lollipops.jpg\" target=\"_blank\" rel=\"noopener\">20250430 &#8211; Aufstellen des Maibaums in B\u00fcckeburg<\/a><\/h4>\n<h4><a title=\"Vereinshelding geehrt\" href=\"http:\/\/www.blau-gold-roecke.de\/page\/wp-content\/uploads\/2024\/03\/SHG-aktuel_20240306.pdf\" target=\"_blank\" rel=\"noopener\">20240306 &#8211; Schaumburg-Atktuell.de<\/a><\/h4>\n<h4><a href=\"http:\/\/www.blau-gold-roecke.de\/page\/wp-content\/uploads\/2023\/10\/20231024_Artikel_SZ_Lollipops-in-Winsen-Aller.pdf\" target=\"_blank\" rel=\"noopener\">20231024 Artikel SZLZ Lollipops mehrfach erfolgreich in Winsen\/Aller<\/a><\/h4>\n<h4><a title=\"13.10.2023 - Artikel SZLZ - Norddeutsche Meisterschaft Flensburg\" href=\"http:\/\/www.blau-gold-roecke.de\/page\/wp-content\/uploads\/2023\/10\/20231013_Artikel_SZLZ_Lollipops.pdf\" target=\"_blank\" rel=\"nofollow noopener noreferrer\">20231013_Artikel_SZLZ_Lollipops &#8211; Norddeutsche Meisterschaft Flensburg<\/a><\/h4>\n<h4><a href=\"http:\/\/www.blau-gold-roecke.de\/page\/wp-content\/uploads\/2023\/05\/20230501_Presseartikel_SZLZ_online.pdf\" target=\"_blank\" rel=\"noopener\">01.05.2023 &#8211; Artikel SZLZ online \u00fcber das Aufstellen des Maibaums in B\u00fcckeburg<\/a><\/h4>\n<h4><a title=\"04.08.2022 - Artikel SZLZ \u00fcber die Sparte Boogie-Woogie\" href=\"http:\/\/www.blau-gold-roecke.de\/page\/wp-content\/uploads\/2022\/09\/20220923_PresseArtikel_SZLZ_RnR.pdf\" target=\"_blank\" rel=\"noopener\">23.09.2022 &#8211; Artikel SZLZ \u00fcber das R&#8217;n&#8217;R-Turnier vom 17.09.2022 in B\u00fcckeburg<\/a><\/h4>\n<h4><a title=\"Training zu Corona-Zeiten - Artikel\" href=\"http:\/\/www.blau-gold-roecke.de\/page\/wp-content\/uploads\/2022\/06\/20220620_Spende_SZLZ_Pressebericht.pdf\" target=\"_blank\" rel=\"noopener\">20.06.2022 &#8211; Artikel SZLZ bzgl. Spende an die Ukraine<\/a><\/h4>\n<h4><a title=\"Sportbrosch\u00fcre Stadt B\u00fcckeburg 2021\" href=\"http:\/\/www.blau-gold-roecke.de\/page\/wp-content\/uploads\/2021\/09\/Sportbroschuere-Bu\u0308ckeburg-2021.pdf\" target=\"_blank\" rel=\"noopener\">Sportbrosch\u00fcre Stadt B\u00fcckeburg 2021<\/a><\/h4>\n<h4><a title=\"05.05.2021 - Wir rocken weiter...\" href=\"http:\/\/www.blau-gold-roecke.de\/page\/wp-content\/uploads\/2021\/05\/Zeitungsartikel-Wir-rocken-weiter.pdf\" target=\"_blank\" rel=\"noopener\">05.05.2021 &#8211; Wir rocken weiter&#8230;<\/a><\/h4>\n<h4><a href=\"http:\/\/www.blau-gold-roecke.de\/page\/wp-content\/uploads\/2020\/05\/20200504_Bueckeburg_lokal_de.png\" target=\"_blank\" rel=\"noopener\">04.05.2020 &#8211; B\u00fcckeburg-online.de<\/a><\/h4>\n<h4><a href=\"http:\/\/www.blau-gold-roecke.de\/page\/wp-content\/uploads\/2020\/04\/20200303_Landes-Zeitung_Turnier_Presse.pdf\" target=\"_blank\" rel=\"noopener\">03.03.2020 &#8211; Landes-Zeitung<\/a><\/h4>\n<h4><a href=\"http:\/\/www.blau-gold-roecke.de\/page\/wp-content\/uploads\/2020\/03\/20200403_InternetzeitungFuerBueckeburg.pdf\" target=\"_blank\" rel=\"noopener\">04.03.2020 &#8211; Internetzeitung f\u00fcr B\u00fcckeburg<\/a><\/h4>\n<h4><a title=\"02.03.2020 - Schaumburger Zeitung\" href=\"http:\/\/www.blau-gold-roecke.de\/page\/wp-content\/uploads\/2020\/03\/20200302_Lollipop.png\" target=\"_blank\" rel=\"noopener\">02.03.2020 &#8211; Schaumburger Zeitung online<\/a><\/h4>\n<h4><a title=\"14.12.2019 - Schaumburger Wochenblatt\" href=\"http:\/\/www.blau-gold-roecke.de\/page\/wp-content\/uploads\/2019\/12\/20191214_SchaumburgerWochenblatt.png\" target=\"_blank\" rel=\"noopener\">14.12.2019 &#8211; Schaumburger Wochenblatt<\/a><\/h4>\n<h4><a title=\"Presseartikel aus der SZ\/LZ vom 25.03.2019\" href=\"http:\/\/www.blau-gold-roecke.de\/page\/wp-content\/uploads\/2019\/03\/Anroechte.pdf\" target=\"_blank\" rel=\"noopener\">16.03.2019 &#8211; R&#8217;n&#8217;R-Turnier Anr\u00f6chte<\/a><\/h4>\n<h4><a href=\"http:\/\/www.blau-gold-roecke.de\/page\/wp-content\/uploads\/2019\/03\/20190128_SZ_RockabillyJive.pdf\" target=\"_blank\" rel=\"noopener\">28.01.2019 &#8211; &#8222;Rockabilly-Jive&#8220;-Kurs 2<\/a><\/h4>\n<h4><a href=\"http:\/\/www.blau-gold-roecke.de\/page\/wp-content\/uploads\/2018\/08\/Rockabilly_Jive_Presseartikel.jpg\" target=\"_blank\" rel=\"noopener\">26.10.2018 &#8211; &#8222;Rockabilly-Jive&#8220;-Kurs<\/a><\/h4>\n<h4><a href=\"http:\/\/www.blau-gold-roecke.de\/page\/wp-content\/uploads\/2018\/05\/Pressemeldungen_Mai_2018_1.pdf\" target=\"_blank\" rel=\"noopener\">Mai 2018 &#8211; SLLZ<\/a><\/h4>\n<h4><a href=\"http:\/\/www.blau-gold-roecke.de\/page\/wp-content\/uploads\/2018\/02\/SchaumburgerWochenblatt_20180203.jpg\" target=\"_blank\" rel=\"noopener\">11.02.2018 Tag der offenen T\u00fcr (Standard\/Latein)<\/a><\/h4>\n<p><a href=\"http:\/\/www.blau-gold-roecke.de\/page\/wp-content\/uploads\/2018\/02\/20180127_28_RnR_Trainingslager-Dortmund.pdf\" target=\"_blank\" rel=\"noopener noreferrer\"><strong>27.-28. 01.2018 Dortmunder Tanztage<\/strong><\/a><\/p>\n<h4><a href=\"http:\/\/www.blau-gold-roecke.de\/page\/wp-content\/uploads\/2017\/11\/TSC-Blau-Gold-R\u00f6cke-beim-Aller-Cup-erfolgreich.pdf\" target=\"_blank\" rel=\"noopener noreferrer\"> 15.11.2017 TSC Blau-Gold R\u00f6cke beim Aller-Cup erfolgreich<\/a><\/h4>\n<h4><a href=\"http:\/\/www.blau-gold-roecke.de\/page\/wp-content\/uploads\/2016\/11\/Ausgabe-570800-Schaumburg-Lippische-Landeszeitung-17.07.2017-Seite-10.pdf\" target=\"_blank\" rel=\"noopener noreferrer\">17.07.2017 Einsteigerkurs Discofox<\/a><\/h4>\n<h4><a href=\"http:\/\/www.blau-gold-roecke.de\/page\/wp-content\/uploads\/2016\/11\/WeiterbildungRnR_SchaumburgerZeitung_20170704jpg.jpg\" target=\"_blank\" rel=\"noopener noreferrer\"><strong>06.07.2017 Weiterbildung RnR<\/strong><\/a><\/h4>\n<h4><a href=\"http:\/\/www.blau-gold-roecke.de\/page\/wp-content\/uploads\/2016\/11\/Tageszeitung-2016_570800-Schaumburg-Lippische-Landeszeitung_09062017_btsc3005.pdf\" target=\"_blank\" rel=\"noopener noreferrer\">05.06.2017 Herausforderung\/Tanzsportabzeichen<\/a><\/h4>\n<h4><a href=\"http:\/\/www.blau-gold-roecke.de\/page\/wp-content\/uploads\/2017\/03\/Tageszeitung-2016_570800-Schaumburg-Lippische-Landeszeitung_07032017_bBlaugold-2702.pdf\" target=\"_blank\" rel=\"noopener noreferrer\">07.03.2017 Schaumburger Zeitung &#8211; Anf\u00e4ngerkurs 2017<\/a><\/h4>\n<h4><a href=\"http:\/\/www.blau-gold-roecke.de\/page\/wp-content\/uploads\/2016\/12\/20161126_SW_TuHus.pdf\" target=\"_blank\" rel=\"noopener noreferrer\">26.11.2016 Kann denn Tanzen&nbsp; S\u00fcnde sein&#8230;?<\/a><\/h4>\n<h4>&nbsp;<\/h4>\n<h4>&nbsp;<\/h4>\n","protected":false},"excerpt":{"rendered":"<p>&nbsp; 20251112 &#8211; Artikel Schaumburger Wochenblatt 20250430 &#8211; Aufstellen des Maibaums in B\u00fcckeburg 20240306 &#8211; Schaumburg-Atktuell.de 20231024 Artikel SZLZ Lollipops mehrfach erfolgreich in Winsen\/Aller 20231013_Artikel_SZLZ_Lollipops &#8211; Norddeutsche Meisterschaft Flensburg 01.05.2023 &#8211; Artikel SZLZ online \u00fcber das Aufstellen des Maibaums in B\u00fcckeburg 23.09.2022 &#8211; Artikel SZLZ \u00fcber das R&#8217;n&#8217;R-Turnier vom 17.09.2022 in B\u00fcckeburg 20.06.2022 &#8211; Artikel [&hellip;]<\/p>\n","protected":false},"author":1,"featured_media":0,"parent":0,"menu_order":0,"comment_status":"closed","ping_status":"closed","template":"","meta":{"ngg_post_thumbnail":0,"footnotes":""},"class_list":["post-27","page","type-page","status-publish","hentry"],"_links":{"self":[{"href":"http:\/\/www.blau-gold-roecke.de\/page\/wp-json\/wp\/v2\/pages\/27","targetHints":{"allow":["GET"]}}],"collection":[{"href":"http:\/\/www.blau-gold-roecke.de\/page\/wp-json\/wp\/v2\/pages"}],"about":[{"href":"http:\/\/www.blau-gold-roecke.de\/page\/wp-json\/wp\/v2\/types\/page"}],"author":[{"embeddable":true,"href":"http:\/\/www.blau-gold-roecke.de\/page\/wp-json\/wp\/v2\/users\/1"}],"replies":[{"embeddable":true,"href":"http:\/\/www.blau-gold-roecke.de\/page\/wp-json\/wp\/v2\/comments?post=27"}],"version-history":[{"count":62,"href":"http:\/\/www.blau-gold-roecke.de\/page\/wp-json\/wp\/v2\/pages\/27\/revisions"}],"predecessor-version":[{"id":10513,"href":"http:\/\/www.blau-gold-roecke.de\/page\/wp-json\/wp\/v2\/pages\/27\/revisions\/10513"}],"wp:attachment":[{"href":"http:\/\/www.blau-gold-roecke.de\/page\/wp-json\/wp\/v2\/media?parent=27"}],"curies":[{"name":"wp","href":"https:\/\/api.w.org\/{rel}","templated":true}]}}